Let p(h) = 6*h**2 - 6*h - 10. Let m be p(-4). Let x be (-1440)/1296 + (-380)/(-18). Calculate the greatest common factor of x and m.
10
Let k = -55 - -64. Let v(h) = h**2 + 3*h - 12. Let t be v(k). Calculate the greatest common divisor of 36 and t.
12
Let l(v) = -v + 96. Suppose 6*g = -8*g + 378. Let z be l(g). Calculate the highest common divisor of z and 3.
3
Let y = 4294 - 4138. Calculate the highest common factor of 12 and y.
12
Let f be (-7)/(-21) - (-14)/3. Suppose 2*h + 460 = 6*h. Suppose -j - 4*k + 34 = 0, -j - 5*k = -f*j + h. Calculate the highest common factor of 12 and j.
6
Suppose -2*y = z - 20, 128*y = 131*y + 2*z - 30. Let p = 22 + 28. What is the greatest common factor of y and p?
10
Let m(z) be the second derivative of z**4/12 - z**3/2 + 217*z**2/2 - 22*z. Let c = -10 + 10. Let k be m(c). What is the greatest common divisor of 31 and k?
31
Let a be 7 - (3 - ((-226)/(-4))/((-22)/(-44))). Calculate the highest common factor of a and 2169.
9
Let p be (-1)/((-1)/46*2). Let a be (8 - (-644)/(-72) - (-16)/36)*-414. Calculate the highest common factor of p and a.
23
Suppose 2*c + 5*u - 3*u - 272 = 0, 2*c = 2*u + 268. Calculate the highest common factor of 1593 and c.
27
Let g = 180 - 61. Let d be 5320/104 - (8 - (-510)/(-65)). Calculate the highest common factor of g and d.
17
Suppose 25 = 3*g - 4*c - 39, 0 = -3*g - 2*c + 76. Let b(m) = m**3 + 8*m**2 - 5*m - 4. Let r be b(-8). Calculate the greatest common factor of r and g.
12
Let m = 11003 - 10969. What is the highest common factor of 8568 and m?
34
Let q(a) = 12*a**2 + 5*a - 5. Let d be q(2). Suppose 0 = -6*c + d + 73. What is the greatest common divisor of 21 and c?
21
Suppose 6*u - 258 - 300 = 0. Let p = 110 - u. Calculate the greatest common divisor of p and 289.
17
Let a be (0/(4/(-1)))/(-1). Let t be 45/30*(18 + a + 0). Suppose 4*p - 6 = 6. Calculate the greatest common factor of t and p.
3
Suppose -4*k + 213 + 187 = 0. Suppose 0 = -8*c - 2*c + k. Suppose 5*l + c*l = 135. What is the greatest common divisor of 3 and l?
3
Let t be 10/(-165) + 1557292/363. What is the highest common divisor of t and 55?
55
Let c be 48500/7 - (8/(-164) + (-3706)/9758). Calculate the greatest common divisor of c and 41.
41
Suppose 10 - 16 - 9 = -j. What is the highest common factor of j and 9375?
15
Let g(n) = 2*n**2 - 2*n + 4. Let c be g(-5). Let p = -3445 - -3457. Calculate the highest common divisor of p and c.
4
Let l be -2*15/(-18)*-3 + -226. Let r = l - -259. What is the greatest common factor of r and 3?
1
Let v(d) = d**2 + d - 1. Suppose 0 = -2*q + 10 - 0. Let r be q - (0/(-2) + 3). Let m be v(r). Calculate the highest common divisor of 5 and m.
5
Suppose -2*l + 516 = r - l, 5*r - 3*l = 2588. Suppose 285*g + 2*k + 147 = 286*g, -3*k + 273 = 2*g. What is the greatest common factor of r and g?
47
Let t = 466 - 301. Suppose -3*n + 226 = -2*i, 2*n + i = 134 + 12. Suppose 1 + n = 5*h. Calculate the highest common factor of t and h.
15
Let q be ((-448)/6)/(-4)*174/116. Suppose q*v + 80 = 30*v. What is the highest common factor of 32 and v?
8
Suppose -3*a = 355 - 736 + 360. Let r(m) = m**3 + 8*m**2 - 7*m - 2. Let n be r(-6). Calculate the highest common factor of n and a.
7
Suppose 0 = 110*u - 103*u + 378. Let c be (u/(-8))/((-20)/(-1680)). Calculate the highest common factor of 126 and c.
63
Let p be ((-356)/(-5))/(17060/(-900) + 19). What is the highest common factor of 54 and p?
18
Let n = 4090 + -3386. What is the greatest common factor of n and 440?
88
Let i = -7607 + 7797. What is the greatest common divisor of 133 and i?
19
Let z be ((-88)/(-6))/((-2)/(-6)). Suppose -b - 8*b = -72. Suppose -b*u = -10*u + z. What is the greatest common factor of u and 44?
22
Suppose 598 + 2762 = 24*z. What is the greatest common divisor of z and 730?
10
Let b be 6 + -9 - (-1)/(-1) - -54. Let h be (-1)/(4 + (-3240)/808) - 1. What is the greatest common factor of h and b?
50
Let d(k) = 17*k**2 - 95*k - 36. Let h be d(6). What is the highest common divisor of h and 174?
6
Suppose 0*k + 3*k - 36 = 0. Let f = 41 + -125. Let x be (2376/f)/((-3)/14). Calculate the greatest common factor of k and x.
12
Suppose -5*v + 2192 = 2*w, 866 = 2*v + 17*w - 15*w. What is the greatest common factor of 238 and v?
34
Let v(o) = -o**2 - 24*o + 1368. Let x be v(22). Calculate the greatest common divisor of x and 68.
4
Suppose 3*k - 41 = -11. Let r(o) = -2*o + 12*o**2 + k*o**3 - 11*o**3 + 18 + 0*o**3. Let q be r(10). Calculate the greatest common factor of 18 and q.
18
Let n(p) = 2*p**3 - 16*p**2 - 104*p - 50. Let o be n(13). What is the highest common factor of o and 42?
6
Let n(g) = -177*g**2 + 6*g + 2. Let m(h) = -88*h**2 + 3*h + 1. Let x(s) = -13*m(s) + 6*n(s). Let u be x(1). What is the highest common factor of 26 and u?
26
Suppose 15*k + 10071 = 5*n + 16*k, 2*n - k = 4027. What is the greatest common divisor of 212 and n?
106
Suppose -3*g = 5*f - 265, -4*g + 7*g = f + 271. Calculate the highest common factor of 1440 and g.
90
Let j(x) = 6*x**3 - x**2 + 18*x. Let v be j(-4). Let u = 492 + v. Calculate the greatest common divisor of 250 and u.
10
Let z be 3/(-36)*6*-60. Calculate the greatest common divisor of 50 and z.
10
Let o(t) = -3*t + 23. Let g be o(7). Suppose 5*z = 3*v - 147, v = 2*z + 46 + g. Let l = v - 33. Calculate the highest common factor of 84 and l.
21
Suppose -4*t - 64 = -60. Let y be t/10*4 - (-636)/15. What is the greatest common factor of 182 and y?
14
Let r be 43*1 + -4 + 2. Let q = r + -27. Let o be q + (-19 + 3)/(-4). What is the greatest common divisor of o and 18?
18
Let i(y) = y**3 + 8*y**2 + 2*y - 24. Let m be i(4). Suppose -m - 287 = -4*r - 3*p, -p - 114 = -r. Calculate the highest common factor of 23 and r.
23
Let x = -694 + 1726. Suppose 23*b - x = 17*b. Suppose -90 = -2*v + 2*g, b = 4*v + g + 3*g. Calculate the greatest common divisor of v and 11.
11
Suppose -4*u = 2*a - 248, 4*a + a = 4*u - 276. Let i be 3/((5/30)/(6/9)). Suppose -2*b + 112 = i*b. What is the greatest common divisor of b and u?
8
Let h(i) = 224*i - 1256. Let d be h(6). Calculate the highest common factor of d and 584.
8
Suppose -8400 = -25*b - 23*b. Suppose b*u - 169*u = 672. What is the greatest common factor of 32 and u?
16
Let i be (0 + 42/((-42)/7))*-37. What is the highest common divisor of i and 37?
37
Let b(o) = 2*o**3 + 21*o**2 - 77. Let r be b(-10). Let m(l) = -80*l - 2. Let p be m(2). Let y = 231 + p. Calculate the highest common divisor of r and y.
23
Suppose 51*p + 30 = 46*p - 5*t, -3*t = 12. Let i be 6/(-3) + 202 + p. Calculate the highest common divisor of i and 18.
18
Suppose 5*g - 2*n - 2 = 4*g, 3*g + 4*n + 4 = 0. Let x be (-2 - -3)*-1*5. Let c be (-4 + g)*(x - 2/(-2)). Calculate the highest common factor of c and 24.
8
Suppose 269*c - 190*c = 1817. Calculate the highest common divisor of 12259 and c.
23
Let z(i) = -i**3 - i**2 + 38*i + 84. Let p be z(-6). Calculate the highest common factor of p and 916.
4
Let s(p) = -p**3 + 19*p**2 - 15*p + 4. Let t be s(11). Suppose -d + t = 4*m - 6*d, 4*m = d + 795. What is the greatest common divisor of 18 and m?
18
Let v = -5 + 36. Let x = v + -31. Suppose x = -5*a - 3*a + 480. Calculate the greatest common divisor of 24 and a.
12
Suppose 23*x - 605 - 592 = -300. Calculate the highest common divisor of 156 and x.
39
Let n = 10945 + -7356. What is the greatest common factor of n and 291?
97
Suppose 12*u - 3*u = 387. Let j be u/3 - (-9)/(-27). Let c(k) = 27*k**2 - 2*k - 1. Let x be c(-1). Calculate the highest common factor of j and x.
14
Let r be (4/(-6))/(2/(-6)). Suppose 16 = b - 0*p + 2*p, -20 = -b + r*p. Suppose -371*t + 356*t = -405. What is the greatest common factor of b and t?
9
Let w = 39978 - 39968. Suppose 4*x + 3*t - 54 = 2*x, -5*t = 10. Calculate the greatest common factor of x and w.
10
Let d(b) = -3*b + 5*b + 16*b**2 + 0 - 2 + 3*b + 9*b**2. Let o be d(4). What is the greatest common divisor of o and 44?
22
Let g be 1 - (33530/7)/(-10). What is the highest common factor of g and 360?
120
Let k be (-54368)/(-39) + (-156)/3042. Calculate the highest common factor of 68 and k.
34
Suppose -6*r = -11*r - 110. Let j = r + 82. Calculate the greatest common divisor of j and 20.
20
Suppose 18 = -a + 4*a. Suppose -7*r + 8 = -9*r. Let i be 4/4 - 3/6*r. What is the gre